{"id":1637,"date":"2025-05-22T10:15:20","date_gmt":"2025-05-22T08:15:20","guid":{"rendered":"https:\/\/webtest.bioaire.mx\/?page_id=1637"},"modified":"2025-06-09T16:13:24","modified_gmt":"2025-06-09T16:13:24","slug":"proyectos","status":"publish","type":"page","link":"https:\/\/bioaire.mx\/index.php\/proyectos\/","title":{"rendered":"Proyectos"},"content":{"rendered":"\t\t<div data-elementor-type=\"wp-page\" data-elementor-id=\"1637\" class=\"elementor elementor-1637\" data-elementor-settings=\"{&quot;ha_cmc_init_switcher&quot;:&quot;no&quot;}\" data-elementor-post-type=\"page\">\n\t\t\t\t<div class=\"elementor-element elementor-element-fe00156 e-flex e-con-boxed e-con e-parent\" data-id=\"fe00156\" data-element_type=\"container\" data-e-type=\"container\" data-settings=\"{&quot;_ha_eqh_enable&quot;:false}\">\n\t\t\t\t\t<div class=\"e-con-inner\">\n\t\t\t\t<div class=\"elementor-element elementor-element-fea5d6e elementor-icon-list--layout-traditional elementor-list-item-link-full_width elementor-widget elementor-widget-icon-list\" data-id=\"fea5d6e\" data-element_type=\"widget\" data-e-type=\"widget\" data-widget_type=\"icon-list.default\">\n\t\t\t\t<div class=\"elementor-widget-container\">\n\t\t\t\t\t\t\t<ul class=\"elementor-icon-list-items\">\n\t\t\t\t\t\t\t<li class=\"elementor-icon-list-item\">\n\t\t\t\t\t\t\t\t\t\t\t<span class=\"elementor-icon-list-icon\">\n\t\t\t\t\t\t\t<svg aria-hidden=\"true\" class=\"e-font-icon-svg e-fas-check\" viewBox=\"0 0 512 512\" xmlns=\"http:\/\/www.w3.org\/2000\/svg\"><path d=\"M173.898 439.404l-166.4-166.4c-9.997-9.997-9.997-26.206 0-36.204l36.203-36.204c9.997-9.998 26.207-9.998 36.204 0L192 312.69 432.095 72.596c9.997-9.997 26.207-9.997 36.204 0l36.203 36.204c9.997 9.997 9.997 26.206 0 36.204l-294.4 294.401c-9.998 9.997-26.207 9.997-36.204-.001z\"><\/path><\/svg>\t\t\t\t\t\t<\/span>\n\t\t\t\t\t\t\t\t\t\t<span class=\"elementor-icon-list-text\">Proyectos <\/span>\n\t\t\t\t\t\t\t\t\t<\/li>\n\t\t\t\t\t\t<\/ul>\n\t\t\t\t\t\t<\/div>\n\t\t\t\t<\/div>\n\t\t\t\t<div class=\"elementor-element elementor-element-ce1726d elementor-widget elementor-widget-heading\" data-id=\"ce1726d\" data-element_type=\"widget\" data-e-type=\"widget\" data-widget_type=\"heading.default\">\n\t\t\t\t<div class=\"elementor-widget-container\">\n\t\t\t\t\t<h2 class=\"elementor-heading-title elementor-size-default\">Transformamos espacios. Optimizamos energ\u00eda.<\/h2>\t\t\t\t<\/div>\n\t\t\t\t<\/div>\n\t\t\t\t<div class=\"elementor-element elementor-element-c992409 elementor-widget elementor-widget-heading\" data-id=\"c992409\" data-element_type=\"widget\" data-e-type=\"widget\" data-widget_type=\"heading.default\">\n\t\t\t\t<div class=\"elementor-widget-container\">\n\t\t\t\t\t<h4 class=\"elementor-heading-title elementor-size-default\">Casos de \u00e9xito en eficiencia energ\u00e9tica para empresas que apuestan por el futuro.<\/h4>\t\t\t\t<\/div>\n\t\t\t\t<\/div>\n\t\t\t\t<div class=\"elementor-element elementor-element-8b249fc elementor-grid-3 elementor-grid-tablet-2 elementor-grid-mobile-1 elementor-posts--thumbnail-top elementor-card-shadow-yes elementor-posts__hover-gradient elementor-widget elementor-widget-posts\" data-id=\"8b249fc\" data-element_type=\"widget\" data-e-type=\"widget\" data-settings=\"{&quot;cards_columns&quot;:&quot;3&quot;,&quot;cards_columns_tablet&quot;:&quot;2&quot;,&quot;cards_columns_mobile&quot;:&quot;1&quot;,&quot;cards_row_gap&quot;:{&quot;unit&quot;:&quot;px&quot;,&quot;size&quot;:35,&quot;sizes&quot;:[]},&quot;cards_row_gap_tablet&quot;:{&quot;unit&quot;:&quot;px&quot;,&quot;size&quot;:&quot;&quot;,&quot;sizes&quot;:[]},&quot;cards_row_gap_mobile&quot;:{&quot;unit&quot;:&quot;px&quot;,&quot;size&quot;:&quot;&quot;,&quot;sizes&quot;:[]}}\" data-widget_type=\"posts.cards\">\n\t\t\t\t<div class=\"elementor-widget-container\">\n\t\t\t\t\t\t\t<div class=\"elementor-posts-container elementor-posts elementor-posts--skin-cards elementor-grid\" role=\"list\">\n\t\t\t\t<article class=\"elementor-post elementor-grid-item post-1604 post type-post status-publish format-standard has-post-thumbnail hentry category-proyectos\" role=\"listitem\">\n\t\t\t<div class=\"elementor-post__card\">\n\t\t\t\t<a class=\"elementor-post__thumbnail__link\" href=\"https:\/\/bioaire.mx\/index.php\/2025\/05\/22\/empresa-automotriz-01\/\" tabindex=\"-1\" ><div class=\"elementor-post__thumbnail\"><img fetchpriority=\"high\" decoding=\"async\" width=\"1280\" height=\"960\" src=\"https:\/\/bioaire.mx\/wp-content\/uploads\/2025\/05\/IMG-20240911-WA0054.jpg\" class=\"attachment-full size-full wp-image-1622\" alt=\"\" \/><\/div><\/a>\n\t\t\t\t<div class=\"elementor-post__text\">\n\t\t\t\t<h3 class=\"elementor-post__title\">\n\t\t\t<a href=\"https:\/\/bioaire.mx\/index.php\/2025\/05\/22\/empresa-automotriz-01\/\" >\n\t\t\t\tEmpresa del Sector Automotriz\t\t\t<\/a>\n\t\t<\/h3>\n\t\t\t\t<div class=\"elementor-post__excerpt\">\n\t\t\t<p>Se dise\u00f1\u00f3 pare l\u00edder del sector automotriz, un sistema de climatizaci\u00f3n para las \u00e1reas de Resinas 1 y Resinas 2, cada una equipada con cuatro\t\t<\/div>\n\t\t\t\t\t<div class=\"elementor-post__read-more-wrapper\">\n\t\t\n\t\t<a class=\"elementor-post__read-more\" href=\"https:\/\/bioaire.mx\/index.php\/2025\/05\/22\/empresa-automotriz-01\/\" aria-label=\"M\u00e1s informaci\u00f3n sobre Empresa del Sector Automotriz\" tabindex=\"-1\" >\n\t\t\tLEER M\u00c1S\u00bb\t\t<\/a>\n\n\t\t\t\t\t<\/div>\n\t\t\t\t<\/div>\n\t\t\t\t<div class=\"elementor-post__meta-data\">\n\t\t\t\t\t<span class=\"elementor-post-date\">\n\t\t\t22 mayo, 2025\t\t<\/span>\n\t\t\t\t<\/div>\n\t\t\t\t\t<\/div>\n\t\t<\/article>\n\t\t\t\t<article class=\"elementor-post elementor-grid-item post-1589 post type-post status-publish format-standard has-post-thumbnail hentry category-proyectos\" role=\"listitem\">\n\t\t\t<div class=\"elementor-post__card\">\n\t\t\t\t<a class=\"elementor-post__thumbnail__link\" href=\"https:\/\/bioaire.mx\/index.php\/2025\/05\/22\/empresa-infraestructura-electrica-01\/\" tabindex=\"-1\" ><div class=\"elementor-post__thumbnail\"><img decoding=\"async\" width=\"1600\" height=\"1200\" src=\"https:\/\/bioaire.mx\/wp-content\/uploads\/2025\/05\/IMG-20241111-WA0043.jpg\" class=\"attachment-full size-full wp-image-1600\" alt=\"\" \/><\/div><\/a>\n\t\t\t\t<div class=\"elementor-post__text\">\n\t\t\t\t<h3 class=\"elementor-post__title\">\n\t\t\t<a href=\"https:\/\/bioaire.mx\/index.php\/2025\/05\/22\/empresa-infraestructura-electrica-01\/\" >\n\t\t\t\tEmpresa de Infraestructuras El\u00e9ctricas\t\t\t<\/a>\n\t\t<\/h3>\n\t\t\t\t<div class=\"elementor-post__excerpt\">\n\t\t\t<p>Referente en soluciones de infraestructura el\u00e9ctrica, buscaba climatizar su nave de 1 250 m\u00b2 de forma eficiente y sostenible. BioAire implement\u00f3 seis equipos evaporativos (97,8\t\t<\/div>\n\t\t\t\t\t<div class=\"elementor-post__read-more-wrapper\">\n\t\t\n\t\t<a class=\"elementor-post__read-more\" href=\"https:\/\/bioaire.mx\/index.php\/2025\/05\/22\/empresa-infraestructura-electrica-01\/\" aria-label=\"M\u00e1s informaci\u00f3n sobre Empresa de Infraestructuras El\u00e9ctricas\" tabindex=\"-1\" >\n\t\t\tLEER M\u00c1S\u00bb\t\t<\/a>\n\n\t\t\t\t\t<\/div>\n\t\t\t\t<\/div>\n\t\t\t\t<div class=\"elementor-post__meta-data\">\n\t\t\t\t\t<span class=\"elementor-post-date\">\n\t\t\t22 mayo, 2025\t\t<\/span>\n\t\t\t\t<\/div>\n\t\t\t\t\t<\/div>\n\t\t<\/article>\n\t\t\t\t<article class=\"elementor-post elementor-grid-item post-1571 post type-post status-publish format-standard has-post-thumbnail hentry category-proyectos\" role=\"listitem\">\n\t\t\t<div class=\"elementor-post__card\">\n\t\t\t\t<a class=\"elementor-post__thumbnail__link\" href=\"https:\/\/bioaire.mx\/index.php\/2025\/05\/22\/fabrica-equipos-limpieza-01\/\" tabindex=\"-1\" ><div class=\"elementor-post__thumbnail\"><img decoding=\"async\" width=\"960\" height=\"1280\" src=\"https:\/\/bioaire.mx\/wp-content\/uploads\/2025\/05\/IMG-20240904-WA0047.jpg\" class=\"attachment-full size-full wp-image-1580\" alt=\"\" \/><\/div><\/a>\n\t\t\t\t<div class=\"elementor-post__text\">\n\t\t\t\t<h3 class=\"elementor-post__title\">\n\t\t\t<a href=\"https:\/\/bioaire.mx\/index.php\/2025\/05\/22\/fabrica-equipos-limpieza-01\/\" >\n\t\t\t\tFabrica de Equipos de Limpieza\t\t\t<\/a>\n\t\t<\/h3>\n\t\t\t\t<div class=\"elementor-post__excerpt\">\n\t\t\t<p>Fabricante de equipos de limpieza industrial, necesitaba climatizar dos \u00e1reas cr\u00edticas: rotomoldeo y ensamblaje. BioAire dise\u00f1\u00f3 un sistema con 35 unidades evaporativas: 17 para rotomoldeo\t\t<\/div>\n\t\t\t\t\t<div class=\"elementor-post__read-more-wrapper\">\n\t\t\n\t\t<a class=\"elementor-post__read-more\" href=\"https:\/\/bioaire.mx\/index.php\/2025\/05\/22\/fabrica-equipos-limpieza-01\/\" aria-label=\"M\u00e1s informaci\u00f3n sobre Fabrica de Equipos de Limpieza\" tabindex=\"-1\" >\n\t\t\tLEER M\u00c1S\u00bb\t\t<\/a>\n\n\t\t\t\t\t<\/div>\n\t\t\t\t<\/div>\n\t\t\t\t<div class=\"elementor-post__meta-data\">\n\t\t\t\t\t<span class=\"elementor-post-date\">\n\t\t\t22 mayo, 2025\t\t<\/span>\n\t\t\t\t<\/div>\n\t\t\t\t\t<\/div>\n\t\t<\/article>\n\t\t\t\t<article class=\"elementor-post elementor-grid-item post-1488 post type-post status-publish format-standard has-post-thumbnail hentry category-proyectos\" role=\"listitem\">\n\t\t\t<div class=\"elementor-post__card\">\n\t\t\t\t<a class=\"elementor-post__thumbnail__link\" href=\"https:\/\/bioaire.mx\/index.php\/2025\/05\/15\/empresa-manufacturera-01\/\" tabindex=\"-1\" ><div class=\"elementor-post__thumbnail\"><img loading=\"lazy\" decoding=\"async\" width=\"1600\" height=\"1200\" src=\"https:\/\/bioaire.mx\/wp-content\/uploads\/2025\/05\/Imagen-de-WhatsApp-2024-08-20-a-las-11.28.22_e0cd12cb.jpg\" class=\"attachment-full size-full wp-image-1495\" alt=\"\" \/><\/div><\/a>\n\t\t\t\t<div class=\"elementor-post__text\">\n\t\t\t\t<h3 class=\"elementor-post__title\">\n\t\t\t<a href=\"https:\/\/bioaire.mx\/index.php\/2025\/05\/15\/empresa-manufacturera-01\/\" >\n\t\t\t\tEmpresa Manufacturera\t\t\t<\/a>\n\t\t<\/h3>\n\t\t\t\t<div class=\"elementor-post__excerpt\">\n\t\t\t<p>Empresa l\u00edder en manufactura, cuyo desaf\u00edo consist\u00eda en climatizar m\u00e1s de 2 000 m\u00b2 de planta con un sistema eficiente y f\u00e1cil de gestionar.<\/p>\t\t<\/div>\n\t\t\t\t\t<div class=\"elementor-post__read-more-wrapper\">\n\t\t\n\t\t<a class=\"elementor-post__read-more\" href=\"https:\/\/bioaire.mx\/index.php\/2025\/05\/15\/empresa-manufacturera-01\/\" aria-label=\"M\u00e1s informaci\u00f3n sobre Empresa Manufacturera\" tabindex=\"-1\" >\n\t\t\tLEER M\u00c1S\u00bb\t\t<\/a>\n\n\t\t\t\t\t<\/div>\n\t\t\t\t<\/div>\n\t\t\t\t<div class=\"elementor-post__meta-data\">\n\t\t\t\t\t<span class=\"elementor-post-date\">\n\t\t\t15 mayo, 2025\t\t<\/span>\n\t\t\t\t<\/div>\n\t\t\t\t\t<\/div>\n\t\t<\/article>\n\t\t\t\t<article class=\"elementor-post elementor-grid-item post-1467 post type-post status-publish format-standard has-post-thumbnail hentry category-proyectos\" role=\"listitem\">\n\t\t\t<div class=\"elementor-post__card\">\n\t\t\t\t<a class=\"elementor-post__thumbnail__link\" href=\"https:\/\/bioaire.mx\/index.php\/2025\/05\/15\/empresa-farmaceutica\/\" tabindex=\"-1\" ><div class=\"elementor-post__thumbnail\"><img loading=\"lazy\" decoding=\"async\" width=\"1600\" height=\"1200\" src=\"https:\/\/bioaire.mx\/wp-content\/uploads\/2025\/05\/IMG-20240903-WA0106.jpg\" class=\"attachment-full size-full wp-image-1480\" alt=\"\" \/><\/div><\/a>\n\t\t\t\t<div class=\"elementor-post__text\">\n\t\t\t\t<h3 class=\"elementor-post__title\">\n\t\t\t<a href=\"https:\/\/bioaire.mx\/index.php\/2025\/05\/15\/empresa-farmaceutica\/\" >\n\t\t\t\tEmpresa Farmaceutica\t\t\t<\/a>\n\t\t<\/h3>\n\t\t\t\t<div class=\"elementor-post__excerpt\">\n\t\t\t<p>Compa\u00f1\u00eda farmac\u00e9utica de alta exigencia, afrontaba el reto de climatizar sus instalaciones de 2 000 m\u00b2 manteniendo un consumo energ\u00e9tico controlado y condiciones t\u00e9rmicas \u00f3ptimas\t\t<\/div>\n\t\t\t\t\t<div class=\"elementor-post__read-more-wrapper\">\n\t\t\n\t\t<a class=\"elementor-post__read-more\" href=\"https:\/\/bioaire.mx\/index.php\/2025\/05\/15\/empresa-farmaceutica\/\" aria-label=\"M\u00e1s informaci\u00f3n sobre Empresa Farmaceutica\" tabindex=\"-1\" >\n\t\t\tLEER M\u00c1S\u00bb\t\t<\/a>\n\n\t\t\t\t\t<\/div>\n\t\t\t\t<\/div>\n\t\t\t\t<div class=\"elementor-post__meta-data\">\n\t\t\t\t\t<span class=\"elementor-post-date\">\n\t\t\t15 mayo, 2025\t\t<\/span>\n\t\t\t\t<\/div>\n\t\t\t\t\t<\/div>\n\t\t<\/article>\n\t\t\t\t<\/div>\n\t\t\n\t\t\t\t\t\t<\/div>\n\t\t\t\t<\/div>\n\t\t\t\t\t<\/div>\n\t\t\t\t<\/div>\n\t\t\t\t<\/div>\n\t\t","protected":false},"excerpt":{"rendered":"<p>Proyectos Transformamos espacios. Optimizamos energ\u00eda. Casos de \u00e9xito en eficiencia energ\u00e9tica para empresas que apuestan por el futuro.<\/p>\n","protected":false},"author":2,"featured_media":0,"parent":0,"menu_order":0,"comment_status":"closed","ping_status":"closed","template":"","meta":{"footnotes":""},"class_list":["post-1637","page","type-page","status-publish","hentry"],"_links":{"self":[{"href":"https:\/\/bioaire.mx\/index.php\/wp-json\/wp\/v2\/pages\/1637","targetHints":{"allow":["GET"]}}],"collection":[{"href":"https:\/\/bioaire.mx\/index.php\/wp-json\/wp\/v2\/pages"}],"about":[{"href":"https:\/\/bioaire.mx\/index.php\/wp-json\/wp\/v2\/types\/page"}],"author":[{"embeddable":true,"href":"https:\/\/bioaire.mx\/index.php\/wp-json\/wp\/v2\/users\/2"}],"replies":[{"embeddable":true,"href":"https:\/\/bioaire.mx\/index.php\/wp-json\/wp\/v2\/comments?post=1637"}],"version-history":[{"count":13,"href":"https:\/\/bioaire.mx\/index.php\/wp-json\/wp\/v2\/pages\/1637\/revisions"}],"predecessor-version":[{"id":6167,"href":"https:\/\/bioaire.mx\/index.php\/wp-json\/wp\/v2\/pages\/1637\/revisions\/6167"}],"wp:attachment":[{"href":"https:\/\/bioaire.mx\/index.php\/wp-json\/wp\/v2\/media?parent=1637"}],"curies":[{"name":"wp","href":"https:\/\/api.w.org\/{rel}","templated":true}]}}